 = -v - a. Suppose s - 68 = -4*w, -w - 2*w + 116 = 2*s. What is the remainder when s is divided by v?
16
Suppose 29*s - 316 = 61. What is the remainder when 99 is divided by s?
8
Let b(g) = 104*g**2 + 19*g - 62. Calculate the remainder when b(4) is divided by 40.
38
Suppose -56 = 2*n - 6*n. What is the remainder when 103 is divided by (-8 + 3)/((-1)/(n/2))?
33
Suppose -8 = 3*w + 16. Let u = w + 47. Calculate the remainder when u is divided by 11.
6
Calculate the remainder when 8/(-36) + (-14172)/(-108) is divided by 19.
17
Let k(z) = -z**3 + 8*z**2 + 18*z - 14. What is the remainder when k(-7) is divided by 26?
23
Suppose 40*t - 3133 - 2507 = 0. Calculate the remainder when t is divided by 37.
30
Let w = 43 - 25. Let c = -714 + 801. What is the remainder when c is divided by w?
15
Suppose 0 = 4*d + 16, -2*p - 5425 = -7*p + 5*d. Calculate the remainder when p is divided by 136.
129
Suppose 0 = -3*k - v + 213, 5*k + 5*v - 10*v - 355 = 0. What is the remainder when k is divided by 24?
23
Calculate the remainder when (2160/(-100))/(6/(-20)) is divided by 20.
12
Let y(l) = l**2 + 3*l - 1. Let f = -222 + 225. Calculate the remainder when y(-4) is divided by f.
0
Let x(z) = z**3 + 6*z**2 + 7*z + 67. Calculate the remainder when x(-4) is divided by 15.
11
Let r = 496 - 474. Calculate the remainder when 503 is divided by r.
19
Suppose 12 = -4*n - 3*y, 20 = 3*n - 3*y - 2*y. Suppose 4*m + n*m = 376. What is the remainder when m is divided by 32?
30
Let q be (2 + 54)/2 - -3. Suppose 11*a + 9 = q. Let c = 1 - -1. What is the remainder when c is divided by a?
0
Let r = 1439 + -1345. What is the remainder when 210 is divided by r?
22
Let b(r) = -5 - 1 - 6 + 0*r - 31*r. Calculate the remainder when b(-4) is divided by 29.
25
Suppose 0*f + f + 11 = -5*j, 3*j + 3*f = -9. Let a = 79 - 76. Calculate the remainder when a is divided by j + (-3)/3 + 4.
0
Suppose 0*y + 3*y + 447 = 4*r, 2*y + 113 = r. What is the remainder when r is divided by 16?
15
Let b = -827 - -851. Let g = -239 + 376. Suppose -2*j + 98 = -0*j + 2*a, -3*j = -2*a - g. What is the remainder when j is divided by b?
23
Let z(i) = -i - 4. Let c be z(-4). Let a(q) = 4 + c*q - 18*q + 3*q**2 + 4*q - 2*q**2. Calculate the remainder when 11 is divided by a(14).
3
Calculate the remainder when 111 is divided by 19/5*(1 - -4).
16
Let s(u) = -u**2 - 31*u - 66. Calculate the remainder when s(-6) is divided by 58.
26
Suppose 34*f - 761 = -81. Let l(u) = -10*u**3 - 2*u**2 - 4*u - 2. What is the remainder when l(-2) is divided by f?
18
Suppose -60*j = -51*j - 477. What is the remainder when 91 is divided by j?
38
Let u = 128 - 105. Calculate the remainder when 436 is divided by u.
22
What is the remainder when 118 - 0/(-1 - 1) is divided by 4*135/(-144)*-4*2?
28
Calculate the remainder when 1*-4 - 200/(32/(-8)) is divided by 28.
18
Let i = -6 + 11. Suppose 3*q + 46 = r, 5*r - 190 = -2*q - 28. Suppose -6 = 4*w - r. Calculate the remainder when w is divided by i.
2
Let z = -155 - -166. Calculate the remainder when z is divided by 4.
3
Suppose -5*m - 55 = 5*s - 7*s, 3*m - 71 = -4*s. What is the remainder when 279 is divided by s?
19
Let g be 2 - (3/(-3) + 1). Let d be (2/(-2) + g)*0. Suppose -4*j = q - 84, -4*j + 2*q - q + 84 = d. What is the remainder when 61 is divided by j?
19
Let l(v) = -51*v - 8. Let x = -89 - -88. What is the remainder when l(x) is divided by 15?
13
Let z(j) = 5*j**2 + j - 14. Let s be z(-4). Let y = s + -41. What is the remainder when 61 is divided by y?
19
Let b(g) = 55*g - 260. What is the remainder when 45 is divided by b(5)?
0
Suppose -6*q = q - 98. Suppose -x + q = -95. What is the remainder when x is divided by 22?
21
Let b(j) = j**2 - 10*j. Let m be b(11). Let h(r) = -r**2 + 13*r - 17. Suppose 5*i - 76 = i. What is the remainder when i is divided by h(m)?
4
Let m = -1976 - -1992. What is the remainder when 76 is divided by m?
12
Let w(z) be the third derivative of 11*z**5/30 - z**4/24 + z**3/3 + 2*z**2. What is the remainder when w(2) is divided by 18?
16
Let t(p) = -2*p + 16. What is the remainder when 106 is divided by t(-1)?
16
Let u(z) = z - 4. Let b be u(5). Let n be (-4 + 2 - -3) + b. Suppose -n*y - 5*p + 381 = 2*y, -3*p - 163 = -2*y. What is the remainder when y is divided by 23?
20
Let p = 64 + -52. What is the remainder when 25 is divided by p?
1
Let u = -11 + 11. Suppose 2*x - w = 15, u*w - w = x - 15. Calculate the remainder when ((-486)/(-72))/((-2)/(-2 + -6)) is divided by x.
7
Suppose -3*s = 2*s - 70. Suppose 0 = -4*u - 4*x + 4, 0 = -u + 5*x - x + 26. What is the remainder when s is divided by u?
2
Calculate the remainder when 49 is divided by (17/5)/(-17) + (-182)/(-10).
13
Suppose 2*p = 275 - 121. What is the remainder when 536 is divided by p?
74
Suppose -5*r - 6 = 9, -3*s - 4*r = -222. Let h = s - 71. What is the remainder when h is divided by 2?
1
Let p = 10 - 15. Let w(y) = -2*y**3 - 4*y**2 + 7*y + 5. Let k be w(p). Suppose d + 2*d = 9, 4*j + 4*d - k = 0. What is the remainder when 105 is divided by j?
24
Suppose -2*g - 3*g + 196 = -4*w, 3*g - w = 112. Calculate the remainder when 60 is divided by g.
24
Let v be ((-4)/5)/((-9)/45). Suppose -v*b = -3*w - 7*b - 36, 3*b - 12 = 3*w. Calculate the remainder when (-254)/(-8) + w/(-32) is divided by 11.
10
Let s(r) = 55*r + 367. What is the remainder when s(28) is divided by 83?
81
Suppose 380 = -0*m + 5*m. Let a = -218 + 234. Calculate the remainder when m is divided by a.
12
Suppose 0 = 9*k - 2477 + 731. What is the remainder when k is divided by 49?
47
What is the remainder when 121 is divided by ((-1)/(-3)*-1)/((-16)/1488)?
28
What is the remainder when 1/(615/2220 - (-2)/(-8)) is divided by 23?
14
Let c = 20 + 45. Let f = -806 + 829. Calculate the remainder when c is divided by f.
19
Let q = 25 - -32. What is the remainder when q is divided by (-44)/154 + (-214)/(-14)?
12
Calculate the remainder when (-4277)/(-19) + 21/((-1995)/10) is divided by 18.
9
Calculate the remainder when 23 is divided by (-435)/58*8/6*-1.
3
Suppose -5*y + p + 275 = 0, -4*p + 103 - 27 = y. What is the remainder when y is divided by 9?
2
Suppose -4*r - 2*z - 94 = -3*r, -4*r - 5*z - 364 = 0. Let o = r + 94. What is the remainder when ((-3)/2)/((-1)/10) is divided by o?
7
Suppose 0 = -88*q + 87*q + 46. What is the remainder when 274 is divided by q?
44
Let n = -8 - -14. Let f be 1 - (-2)/n*-3. Suppose -i + 4*b + 5 - 6 = f, -3*b - 6 = -3*i. Calculate the remainder when 8 is divided by i.
2
Suppose -4*g - 8*g + 2124 = 0. Calculate the remainder when g is divided by 30.
27
Suppose -2*h - 16*h = -324. Calculate the remainder when 106 is divided by h.
16
Suppose 5*d + f = 41 + 25, 2*f = 4*d - 50. Calculate the remainder when 85 is divided by d.
7
Let p = -140 - -191. What is the remainder when 1018 is divided by p?
49
Let q(u) = 7 - 788*u**2 + 789*u**2 - 7*u + 1 + 0*u. Calculate the remainder when q(10) is divided by 10.
8
Suppose 2*z - 4*z = 0. Suppose -17*x = 8*x - 125. Suppose 2*v + 4*n - 56 = z, -10 - 15 = -x*n. What is the remainder when v is divided by 11?
7
Suppose 0 = -7*d + 4*d + 285. Suppose 4*u - 49 = d. Calculate the remainder when u is divided by (19 + 0)*4/4.
17
Suppose 6*h - 15 = h + 2*u, 4*u = 20. Let k be 0 - 5 - (-3 - 0). What is the remainder when k/(4/11)*-2 is divided by h?
1
Let l(a) = -1 + 2 + a**2 - 3 - 4*a - 1. Let b = 100 - 57. What is the remainder when b is divided by l(-2)?
7
Let f = 12 + -27. Calculate the remainder when 127 is divided by (144/f)/(3/(-10)).
31
Let d = -220 - -284. What is the remainder when 125 is divided by d?
61
Suppose 40 - 440 = -5*h. Suppose 0 = -3*v - 2*v + h. Calculate the remainder when 189 is divided by v.
13
Let m = -633 + 636. Let v(n) = -2*n - 2. What is the remainder when v(-5) is divided by m?
2
Suppose q = -f - 3*q + 7, 4*f = -4*q + 40. What is the remainder when 196 is divided by f?
9
Calculate the remainder when 97 is divided by ((-9)/(-4) + -2)/((-8)/(-160)).
2
Suppose 428 = f + 4*c, -2*c - 564 + 1396 = 2*f. Calculate the remainder when f is divided by 46.
44
Suppose 10*q - 222 = 4*q. Calculate the remainder when 143 is divided by q.
32
What is the remainder when (156/(-15))/((-2)/5) is divided by 24?
2
Suppose 7*i - 32 = 10. What is the remainder when 48 is divided by (i/4)/((-9)/(-